 t(4).
4
Let t(i) = i**2 - 4*i - 1. Let q be t(0). Let w(o) = -o**3 + 2*o + 1. Give w(q).
0
Suppose -42*i = -47*i + 120. Let t = i + -18. Let w(a) = -a**3 + 7*a**2 - 5*a - 4. Calculate w(t).
2
Let w(h) = 2*h**3 + h**2. Let m(s) = s**3 + 8*s**2 + 6*s - 4. Let d be m(-7). Suppose -6 = -d*t + 9*t. Determine w(t).
-1
Let f be 3/4 + 9/(-12). Let o = f - 0. Let n(u) = u**2 - u - 3. Calculate n(o).
-3
Let s = 146 + -18. Suppose s*c = 124*c - 20. Let r(v) be the third derivative of -v**5/60 - v**4/6 + v**3 + v**2. Give r(c).
1
Let g(d) = d**2 - 2*d - 1. Let c(p) = -2 + 5*p**2 - 4*p**2 - 1 - 2. Let o be c(3). What is g(o)?
7
Suppose -37 - 13 = -5*f. Suppose -b - 3 + 5 = l, -f = -2*b + 4*l. Let z(r) = r**3 - 2*r**2 - 2*r - 4. Calculate z(b).
-1
Let i(n) = n**3 + 5*n**2 - 4*n + 4. Suppose -4*k = -2*a + 6*a - 140, -2*a + 4*k = -88. Let t = a + -44. Determine i(t).
-8
Let i(x) be the second derivative of x**4/6 - x**3/3 + 41*x + 2. Determine i(1).
0
Suppose -10 - 20 = -5*t + 5*a, 4*t = a + 27. Let x = -4 + t. Let h(m) be the first derivative of 2*m**2 + 4*m + 2. What is h(x)?
16
Let j(c) = 10*c**3 - c**2 + 2*c - 1. Let g(t) = -t**3 - t**2 - t + 1. Let x(a) = -g(a) - j(a). Suppose -7 = 4*p - 23. Suppose 3 = -w + p*w. Calculate x(w).
-8
Let f(d) = -d**2 - 3*d - 1. Let v = -16 - -17. Let s be v/(5/(-1 + -4)). What is f(s)?
1
Let u(p) = -p**2 + 16*p - 2. Let v(i) = -21*i**2 - i + 16. Let a be v(0). Give u(a).
-2
Let h(v) = 3*v**2 + v - 1. Let l = -55 + 60. Let i be (-2)/l + (-32)/20. What is h(i)?
9
Let q(l) be the second derivative of l**3/3 + 39*l**2/2 - 347*l. Calculate q(-21).
-3
Let g be 238/5 - 40/(-100). Suppose -4*n - q = -6*q + 8, 4*n + 5*q + g = 0. Let x(r) = r**3 + 8*r**2 + 8*r + 6. Calculate x(n).
-1
Let d(s) = s + s + 0*s - 23 - 5*s. Let l be d(-7). Let r(b) be the third derivative of b**6/120 + b**5/15 + b**4/8 + b**3/3 + 2*b**2. Calculate r(l).
4
Let y(t) = t**2 + 5*t. Let r(u) = 4*u - 22. Let g be r(9). Suppose -4*i = 2*q + q + g, -5*i = q + 1. What is y(q)?
6
Suppose -5*n - 2*g = 26, 4*g + 10 + 0 = -3*n. Suppose -3*y - 3 = -3*b, 5*b = 3*y - 6*y + 45. Let l(d) = -d**3 + 0*d + 7 + 5*d - 5*d**2 - 3*d + b*d. Give l(n).
-5
Let b(w) = 3*w**2 - 6*w + 81. Let p(i) = i**2 - 2*i + 27. Let u(n) = 2*b(n) - 7*p(n). Let q(l) be the first derivative of u(l). Determine q(-5).
12
Let l(p) be the second derivative of -p**7/2520 - 7*p**6/720 + p**5/120 + p**4/12 - 20*p. Let z(u) be the third derivative of l(u). Determine z(-6).
7
Let a = -397 + 395. Let v(t) = t**3 - 3*t**2 - 3*t + 2. Give v(a).
-12
Let v(k) = k**2 + 6*k + 5. Let i be (-5)/(-2)*(7/(-5) - 1). Give v(i).
5
Let j(s) be the third derivative of -s**5/60 + s**4/4 + 3*s**3/2 - 22*s**2. Give j(7).
2
Let g(y) be the third derivative of 0*y + 1/6*y**3 + 15*y**2 - 1/12*y**4 + 0. Let a = 9 - 6. What is g(a)?
-5
Let v(c) = -c**2 - 9*c - 15. Let t = 115 + -126. Calculate v(t).
-37
Let v(x) = 4*x - 1. Let u(t) be the third derivative of t**5/60 + t**4/6 + t**3/2 + 11*t**2. Let n be u(-2). Determine v(n).
-5
Let o be ((4/(-6))/(-1))/(14/147). Let m(a) = -7*a. Let f be m(-1). Let y(r) = -1 + 1 - 3 + r**3 - f*r**2 + 9. Give y(o).
6
Let i = 4 - 4. Let l(t) = -7*t**3 + 5*t**2 + 5*t - 5. Let b(o) = -11*o**3 + 8*o**2 + 8*o - 8. Let k(g) = -5*b(g) + 8*l(g). Calculate k(i).
0
Let a(m) = -13*m**2 + 1 + 11*m**2 + m + 17*m**2. Suppose -w - w - 9 = z, -z - 3*w = 13. Determine a(z).
15
Let o be (27 - 3)*(-4)/6. Let h(c) = c + 23. What is h(o)?
7
Let g(f) = 29*f - 29*f + 4 - f + 0*f + 8. Suppose -6 = 4*v - 26. Suppose q - 10 = -v. Determine g(q).
7
Let q(n) = -2*n + 6 + 0 + 0 - n. Give q(6).
-12
Let z(b) = b**3 + 4*b**2 - 7*b - 7. Suppose w + 0 = -5*n + 5, 2*w - 3*n + 16 = 0. Give z(w).
3
Let c(h) = h**2 + 3*h. Let i(x) = -2*x**3 + 4*x**2 + x - 8. Let b be i(2). What is c(b)?
18
Let g(m) be the second derivative of m**3/3 + 3*m**2/2 + 44*m. What is g(-2)?
-1
Let o be (3 - (-1 + 9)) + 6. Let j(p) = p**2 - p. Let y(x) = -3*x - 7. Let d(m) = o*j(m) + y(m). Let l be ((-1)/(-2))/(2/24). Give d(l).
5
Let l be (-2 + 5)/(1/2). Let x(h) = 4*h**2 + 1 + 3*h**3 - l - 2*h**3 - 5*h. Suppose -2*c = 5*u + 23, u + 6 = 3*c - 2. What is x(u)?
-5
Let d(f) = f**3 - 6*f**2 - 6*f - 8. Suppose 2*p = v - p, v + p = 0. Suppose 3*x + 4*a - 21 = v, 3*a = -a. Give d(x).
-1
Let b(y) = -2*y - 58. Let f be b(-22). Let p(l) = -l**3 - 13*l**2 + 15*l + 14. Calculate p(f).
0
Let t(q) = 5 + 644*q - 2 - 320*q - 323*q. Calculate t(-12).
-9
Let i(p) = -p**2 + 10*p - 8. Suppose 0 = 5*k + 1 - 46. Determine i(k).
1
Let i = 11 - 45. Let l = 39 + i. Let b(y) = 3*y - 3. Calculate b(l).
12
Let i(b) = -b**3 + 5*b**2 - 8*b + 18. Let l be ((-2680)/3015)/((2/9)/(-1)). Determine i(l).
2
Let h(c) = 2*c**2 + 16*c + 10. Let d be 7/(182/4) - (-3255)/(-455). Calculate h(d).
-4
Let g(d) = d. Let s be ((-4)/(-10))/((-2)/10). Let b be (0 - -1)*(-2)/s. Let j be 4/(b/(3/(-6))). Determine g(j).
-2
Let j(b) = -38 - b**2 - 25 + b + 63. Suppose -2*o - 6 = -4*g, -5*g = 3*o + 4 - 6. What is j(g)?
0
Let q(x) = 11*x - 6*x - 7*x - x**2 + 3. Let g(k) = 3*k**2 + 5*k - 10. Let h(f) = 2*g(f) + 7*q(f). Calculate h(-3).
4
Let n(i) be the third derivative of 1/24*i**4 - 1/6*i**3 - 3 + 0*i - 6*i**2. Determine n(2).
1
Let t be (-40 + 44)*(-20)/16. Let m(n) = 8*n + 17. Calculate m(t).
-23
Let n be 4/5*(-16 - (-8 + -3)). Let p(w) = w**2 - 2*w - 10. Let a(q) = q**2 - 3*q - 11. Let m(o) = -5*a(o) + 6*p(o). Determine m(n).
-1
Let f(x) be the first derivative of x**2/2 - 3*x + 1. Let l = 6 - 9. Let i be (-6)/(-11)*(8 - l). Give f(i).
3
Let l(o) = 24 + o + 6*o - o**2 - 10. Let q(u) = -u**2 + 7*u + 13. Let p(w) = -2*l(w) + 3*q(w). Let x(b) = -b**3 + 5*b**2 - 12*b + 26. Let y be x(3). Give p(y).
3
Suppose -2*b = p - 9, -4*b = -2*p + 3*p - 7. Let w(l) = -p - 9*l + 4*l + 12 - 9*l. Determine w(1).
-13
Suppose -4*x + 43 = 5*f, -9 = 2*x + f - 32. Suppose v - x = -2*v, -2*v + 18 = -2*o. Let l(q) = q**2 + 4*q + 2. Calculate l(o).
7
Let l(k) = k**3 - 2*k**2 + k - 1. Let r = 48 - 30. Let i = r - 15. Determine l(i).
11
Suppose 9 = -3*n, -4*z + 4*n - 4 = -0*n. Let q(d) be the first derivative of d**4/4 + 4*d**3/3 - d**2/2 - 3*d + 457. Give q(z).
1
Let c = 30 - -15. Let q(w) = -c*w - 8 + 4*w**2 - 4*w**2 + 40*w - w**2. Give q(-7).
-22
Let m(x) = -x - 4. Let y(t) = 2*t**2 + 8*t - 4. Let r be y(-6). Suppose 0 = 4*o + r, -6*o = 5*l - o + 70. Give m(l).
5
Let o(c) = -36*c - 15. Let l = 33 - 22. Let h(n) = 7*n + 3. Let w(a) = l*h(a) + 2*o(a). What is w(-2)?
-7
Suppose -3*h + p = 3, -3*p + 0 = -2*h - 9. Suppose h = -k - k. Let l(w) = -w - 2 - 15 + 4 + 8 + 10. Calculate l(k).
5
Let b = 177 - 49. Suppose 0 = s + 3*s - b. Let r(z) = s - 2*z - 4*z + z**2 - 26. What is r(6)?
6
Let m(a) be the second derivative of a**4/12 + 5*a**3/6 - 9*a**2 + 389*a. Determine m(-8).
6
Let z(g) = 5*g - 5. Let d(u) be the third derivative of -u**4/8 + u**3/3 - 8*u**2. Let w(p) = -11*d(p) - 6*z(p). Let l be (-20)/3 + 4/6. Calculate w(l).
-10
Let b be (-192)/(-2)*(-1)/8*-4. Let w = b + -53. Let p(t) = t. Give p(w).
-5
Suppose 36 = 5*h + 21. Let d be (-1)/((-2)/h*(-18)/(-48)). Let w(m) = 5*m - 4. Determine w(d).
16
Let i = 235 + -231. Let u(c) = c**2 - 5*c + 6. Determine u(i).
2
Suppose 5*z = -3*f - 29, f - 2*f - 15 = 3*z. Let k(r) = -7 - 1 + 13 + r. Determine k(z).
1
Let j(i) = -i + 6. Let w(h) = 4*h - 24. Let d(s) = -9*j(s) - 2*w(s). Determine d(-8).
-14
Let f(h) = -2*h + 1. Let v(q) = -q**3 + 6*q**2 - 7*q + 6. Let j(w) = -w**2 - 9*w + 15. Let t be j(-10). Let l be v(t). What is f(l)?
9
Let n(d) = -4*d - 49. Let v be n(-13). Let u(k) = 2*k + 0*k - 2 - k**2 + 0*k**2. Give u(v).
-5
Let j(w) = w + 7. Let f(a) = -8*a - 8. Let c(o) = 2*f(o) + 2*j(o). What is c(-1)?
12
Let i = 1418 - 1415. Let q(f) = f + 1. Let b(u) = 13*u + 11*u + 2 + 14. Let p(t) = b(t) - 20*q(t). Give p(i).
8
Let z = 6 + -5. Suppose -5*l = 3*y - 28, 3*y = -4*l + 2*l + 13. Let h(t) = l*t + t - 5*t - 3 + 2. Determine h(z).
0
Let a(j) = -j**2 - j + 12. Let n be a(2). Let k(i) = 2*i + 1. Determine k(n).
13
Suppose -4*w - 22 - 18 = 4*h, -5*w + 3*h - 10 = 0. Let k(q) = q**3 + 3*q**2 - 6*q + 4. Give k(w).
-16
Let g(v) be the second derivative of -v**5/20 - 13*v**4/12 + 13*v**3/6 - 7*v**2 - 279*v. Give g(-14).
0
Let a(l) = -3*l**2 - 44*l - 75. Let c(m) = m**2 + 14*m + 24. Let p(h) = -3*a(h) - 8